nits digit of o(-16)?
3
Suppose -4*n = -p - 4*p + 28, -5*p = 4*n - 12. Let t be 5 - -2 - (p - 2). What is the units digit of (8/(-5))/((-2)/t)?
4
Let d(s) = -5*s + 3 + 1 + 1 - 3*s - s**2. Suppose 10 + 11 = -3*y. What is the units digit of d(y)?
2
What is the units digit of (-30)/(-20) + (-2)/4?
1
Suppose 2*q - 26 + 108 = 0. Let y = -7 + 6. What is the tens digit of q/(-2) - y/2?
2
Let z(l) be the second derivative of l**4/12 - l**3/6 - l. Let p be z(1). Suppose x - 4*s + 3 = p, x - s + 27 = 6*x. What is the units digit of x?
5
Let y(s) = s - 1. Let b be y(-1). What is the units digit of 1/b*27*-2?
7
Suppose -4*o + 432 = -10*o. Let x = o + 116. What is the units digit of x?
4
Let k(d) = d**2 + 5*d + 19. What is the units digit of k(-13)?
3
What is the hundreds digit of (6775/(-150))/(2/(-24)*2)?
2
Let k = -5 - -3. Let f = 10 + k. What is the units digit of f?
8
Let k(a) be the third derivative of a**4/6 + 3*a**3/2 + 6*a**2. What is the tens digit of k(7)?
3
Let b(q) = -q**2 - 10*q - 3. Let x(g) = 3*g - 1. Let z be x(-2). What is the units digit of b(z)?
8
Let c(k) = -k**3 + 8*k**2 + k - 6. Let o be ((-6)/4)/((-3)/16). What is the units digit of c(o)?
2
Let l be 1/3 - (-168)/(-18). Suppose -4*f = -3*g - 0*f + 40, 3*g + 4*f = 80. Let v = l + g. What is the units digit of v?
1
Let j(d) = d - 3. Let l be j(0). Let i be (-4)/6*(-5 - (-39)/6). What is the units digit of i - l - (5 + -18)?
5
Let v = -32 + 37. What is the units digit of v?
5
Suppose -6 + 1 = a. Let m(x) = 2*x**2 + 6*x. What is the units digit of m(a)?
0
Let j be ((-146)/(-3) - 3)*3. Suppose -25 = 4*o - j. What is the tens digit of o?
2
What is the units digit of (-10)/35 - 1161/(-21)?
5
Let b = 12 + -7. Let t(h) = h**3 + 3*h**2 - 3*h - 3. Let i be t(-3). Let d = i + b. What is the tens digit of d?
1
Suppose -2*f = f - 3, 0 = -2*c - 2*f + 24. Suppose -3 = 4*t - c. What is the units digit of t?
2
Let z = 92 - -1. What is the tens digit of z?
9
Let m = -169 - -288. What is the hundreds digit of m?
1
Let z be 0*(6/4 + -2). Suppose z = 5*n + 2*c - 60, -4*n + c = -0*c - 61. What is the units digit of n?
4
Suppose 0 = -2*d + 8. What is the tens digit of d/(7/((-308)/(-8)))?
2
Suppose -2*k = -4*i - 73 - 9, -80 = -2*k + 3*i. Suppose -v + k = -0*v - 4*r, 0 = 3*v + 2*r - 83. What is the units digit of v?
9
Let k(r) = -r**2 + 6*r. Let i(m) = 2*m**2 - 13*m + 1. Let w(a) = -3*i(a) - 7*k(a). Let t be w(5). Suppose -3*v - 4 = -t*v. What is the units digit of v?
1
Let w = 106 + 282. What is the tens digit of w?
8
Let s be (8/16)/(1/(-12)). What is the tens digit of (-244)/(-10) + s/15?
2
Suppose -4*q = 5*y - q - 5, -y = -5*q - 29. What is the units digit of y?
4
What is the tens digit of (3/(-6))/((-2)/148)?
3
Let b = -36 - -86. What is the tens digit of b?
5
Let r(m) = m**3 - m**2 - m + 2. Let s(o) = -o - 3. Let u be s(-3). Suppose u*v + v = 0. What is the units digit of r(v)?
2
Let h be (-5)/(-15) + (-340)/(-6). Let o = h + -14. Let t = -29 + o. What is the units digit of t?
4
Let h be 4/(-4)*10/(-2). Suppose -4*k + 212 = 4*z, h*k - 4*z = -2*z + 286. What is the tens digit of k?
5
Suppose 4*u - 21 = -y + 5, 3*u - 57 = -2*y. Suppose -a - 4*h + 18 = -h, -5*a + 5*h + y = 0. What is the units digit of a?
9
Suppose -4*j - 5*x = -1 - 1, 2*x + 13 = 3*j. Suppose 3*v - 4*r - 10 = 0, -5 + 0 = 5*r. Suppose q + v = j*q. What is the units digit of q?
1
Let d(z) = -z**2 - 9*z - 8. Let x be d(-8). Suppose 24 = -x*w + 2*w. What is the tens digit of w?
1
Suppose 3*t - 2*n + 2 = 2*t, 2*t + 2*n - 14 = 0. Let x = t + -4. Suppose -b - 3 + x = 0, -5*k - 2*b + 34 = 0. What is the units digit of k?
8
What is the tens digit of (-2)/8 - 831/(-12)?
6
Let r = 15 + -21. Let o be r/27 + (-22)/(-18). Suppose l - o - 5 = 0. What is the units digit of l?
6
Let c(f) = f**2 - 4*f - 2. Let v be c(5). Suppose v*k - 38 = 4*s, 4*k = -5*s + 11 + 50. What is the tens digit of k?
1
Let b be (3/2)/(6/136). Suppose b = 5*y - 26. What is the units digit of y?
2
Let c = -3 + 7. Suppose 0 = f - c*f + 69. What is the units digit of f?
3
Suppose 5*r + 5*b = 20, -5*r + 22 = -2*r + 5*b. What is the tens digit of 36 + 6 + r/1?
4
Let i = 0 + 2. Let z be 2/(-3)*(-32 - -2). Suppose 2*g + i*g - z = 0. What is the units digit of g?
5
Suppose -y = -4*y. Let t be 0*1*(y - -1). Suppose -q + 2 + 2 = t. What is the units digit of q?
4
Suppose -2*s = -q - 67, -3*s + 5*q = s - 137. What is the tens digit of s?
3
Suppose 3*o = -2*o - 3*m + 213, 0 = -o + 2*m + 53. What is the tens digit of o?
4
Suppose 0 = -2*x - 3*k + k + 2, -3 = 2*x + 3*k. Let d = 1 - -1. Let p = d + x. What is the units digit of p?
8
Suppose 2*s = 5*u - 90, 0*s + 36 = 2*u - 4*s. What is the units digit of u?
8
What is the tens digit of (-342)/(-8) - 3/(-12)?
4
Let m be 66/(-15) + (-4)/(-10). Let x be (-2)/m*(1 + 3). Suppose 4*w + 2 = -u + 23, -5*u = -x*w - 17. What is the units digit of w?
4
Let v be (-1 + -5)*(-3 + 4). Let i = v + 10. What is the units digit of i?
4
What is the units digit of (58/(-1))/(-2*1)?
9
Let j be (0 + -9)*(-2)/6. Let w(f) = 6*f - f**2 - 16 + j*f + 6. What is the units digit of w(7)?
4
Let t(r) = 9*r - 2 + 8*r + r**2 - 15*r. What is the units digit of t(-3)?
1
Suppose -4*f + 43 = x, -4*x + 26 = 5*f - 190. What is the units digit of x?
9
Suppose -5*f = -f - 684. What is the tens digit of f?
7
Suppose 0 = g + 2*g. Suppose c = -g*f + f, 0 = 3*c + 5*f. Suppose c = -0*m + 3*m - 12. What is the units digit of m?
4
Suppose 2*t = -2*c + 300, c - 4*t + 144 = 2*c. What is the tens digit of c?
5
Suppose 3*m = 6*m + 108. Let y = 50 + m. What is the units digit of y?
4
Suppose 0 = -3*v - 4*i + 62, -2*v + 37 = 4*i - 3. What is the units digit of v?
2
Suppose d + 4*h - 15 = 0, 0 + 12 = 4*h. Suppose 2*i - d*i + 1 = 0. Suppose l + i - 3 = 0. What is the units digit of l?
2
Let i = -5 - -2. Let q = 3 + i. Suppose -2*w - 3*w + 35 = q. What is the units digit of w?
7
Let h(n) = 2*n + 1 - 5*n + 2*n. What is the units digit of h(-1)?
2
Let y(q) = -q**3 + 6*q**2 - q + 9. Let u be y(6). What is the units digit of (39 - (3 - u)) + 3?
2
Let a be ((-15)/6 + -1)*2. What is the tens digit of a + 4 - 1*-16?
1
Suppose -2*x - 3*h + 369 = 0, 6*h = -x + 5*h + 182. What is the tens digit of x?
7
Let n = -14 - -23. Suppose 4*b - 4 = 5*t, -2*b + 5 = 3*b + 5*t. Let f = n - b. What is the units digit of f?
8
Let l be (-6)/(-9) - 147/(-9). What is the units digit of (-18 + l)/(1/(-1))?
1
Suppose -10*o = -2*o - 1312. What is the hundreds digit of o?
1
Suppose -3*y - 4*w - 19 = -3, w + 1 = 0. Let p be -3*2*y/4. Suppose -3*h + 6*h = 3*t + p, -h + 22 = 4*t. What is the units digit of h?
6
Let k(s) = 2*s + 3. Let i be k(-4). Let q be i*((-2)/2)/1. Suppose 0*y = 2*y - 6, q*n = y + 62. What is the tens digit of n?
1
Suppose 3*t - 409 = 5*n, -2*t + 4*n + 194 = -76. What is the units digit of t?
3
Suppose 6 + 0 = 3*l. Suppose l*m + 0*m = 0. Suppose -5*u = b - 26, 4*u = b - m*b + 19. What is the units digit of u?
5
Let s = 1 - -1. Suppose 5*t = 9*t. Suppose 0*n - n = -s*m + 8, n + 4 = t. What is the units digit of m?
2
Let d(n) = -n**2 + 3*n - 6. Let b(l) = -l**2 + 2*l - 5. Let j(g) = -6*b(g) + 5*d(g). Let y be j(-3). Let a(t) = -t + 5. What is the units digit of a(y)?
5
Let x = 165 - 98. Suppose -b - 191 = 3*p, 0 = -p - 2*b - 0*b - x. What is the units digit of p/(-6) + 2/(-4)?
0
Let v(i) = -7*i + 68. What is the hundreds digit of v(-17)?
1
Let k be (10/(-3))/((-14)/21). Suppose 0 = -i - 2*r - 6, 7 + 17 = 2*i - k*r. Suppose i*x - 5*p + 7 = 0, -2*x = -0*x + 3*p - 33. What is the units digit of x?
9
Let j be (-6)/((-12)/10) + -2. Let u = 1 + -1. Suppose 0*n - j*n + 18 = u. What is the units digit of n?
6
Let r(s) = s**2 - 2*s. What is the units digit of r(7)?
5
Let t = 5 + 2. Let g = t - -3. What is the units digit of g?
0
Suppose 2*n = -3*n - 4*v + 720, 0 = -4*n + 4*v + 540. What is the units digit of n?
0
Let j = 7 - -2. Suppose 1 = -c + j. What is the units digit of c?
8
Let k be 0 + (-1 - (4 + 0)). Let d(r) = r**3 + 5*r**2 - 4*r + 5. Let t be d(k). Suppose 4*z = -a + t, 4*a = -z + 2*z - 19. What is the units digit of z?
7
Let x = -56 - -99. What is the tens digit of x?
4
Let n(t) = -17*t + 4. Let a be n(-3). What is the units digit of (-2)/11 - (-560)/a?
0
Suppose 2*m = 6, 4*v - 5*m - 394 = -3*m. Suppose -w - 4*